8 + (-6 + 2 - 8)
-4
What is 7 + (-1 - -5) + -7?
4
What is the value of 6 + (-4 - (3 + -5)) + -5?
-1
-7 - 0 - (-11 - (-20 + 14))
-2
Calculate 9 - (-6 + (3 - -4)).
8
Evaluate (6 - 5) + (0 - (-2 - -4)).
-1
5 + -1 - (0 + 5 + -4)
3
Calculate 3 + -7 + -3 + -3 + 2.
-8
What is the value of 1 - 4 - -1 - -6?
4
What is (0 - 1) + 1 + -2?
-2
What is 15 - 13 - (5 - (1 + -1))?
-3
Evaluate 4 + -6 + (-1 - -1) - -7.
5
What is the value of 0 + (15 - 13) + 1 + 2?
5
(14 - 7 - 10) + 8
5
11 + (2 - (21 - 9))
1
What is (6 - (2 - -5)) + -4 + 3?
-2
What is -10 + 12 + 2 + 2?
6
Calculate 0 + 3 + -5 - (8 - 7).
-3
What is the value of -3 + 6 + (0 - 2)?
1
What is 1 + -8 - (12 + -22)?
3
What is -7 - -4 - (3 + -2)?
-4
Calculate 3 + 2 + -3 + 36 + -37.
1
What is the value of 4 + 1 + -2 - 3?
0
What is the value of (4 - 4) + 0 + 2?
2
What is the value of 5 + (-9 - (-3 + 0 + 3))?
-4
What is (2 + 1 - (5 + -3)) + 1?
2
What is the value of 5 - (-4 + (-2 - -9))?
2
What is 2 - 3 - (0 - 4)?
3
Calculate (7 - -3) + (-28 - -19).
1
What is (5 - 17) + -1 + 0 - -6?
-7
What is the value of 4 + 4 - (-12 - -26)?
-6
-20 + (9 - (-9 + 6))
-8
Calculate -3 + 3 + 1 - 3.
-2
What is -106 - -112 - (1 + -3 + -2)?
10
What is 1 - -1 - (2 - -6 - 6)?
0
Evaluate -3 + (-12 - -5 - -7).
-3
Evaluate -2 + -5 + -2 + 6.
-3
What is -1 + 2 + 2 + -3?
0
Evaluate (6 - -7) + 1 + -18.
-4
Calculate 4 + 15 + -4 + -5.
10
What is the value of 4 - (1 - 4 - (19 - 22))?
4
Calculate (6 - -2) + 5 - 8.
5
What is the value of (5 - (3 - 3 - -6)) + 7?
6
What is the value of 2 - 1 - (24 + -19)?
-4
24 + -25 - (-3 + 4 - 6)
4
What is -5 - 0 - (-16 - -9)?
2
What is the value of -17 - -14 - (-6 + -1)?
4
What is the value of 0 + (8 - (6 + 3))?
-1
What is the value of 10 - (-10 + 30 + -11)?
1
Calculate (1 - 0) + 10 + -7 + -5.
-1
What is (-5 - -3) + -1 + 3?
0
What is the value of -9 + (9 - -8) + -4 + 0?
4
What is (-2 + 0 - 0 - -5) + 3?
6
Evaluate -4 - 9 - -13 - 6.
-6
6 + (6 - 17) - 0 - -2
-3
Calculate 2 - (12 + (2 - 7)).
-5
What is 1 + -1 + 5 + -2?
3
What is the value of 0 - 2 - (-12 - (-16 + 9))?
3
What is 1 + -1 + 1 + 0 + -2?
-1
-1 + 0 + 1 + (-64 - -71)
7
Evaluate -35 - -25 - (-20 - -2).
8
What is the value of -7 + 10 + (3 - -1)?
7
Calculate 0 + (2 - (2 - 2)) + -4.
-2
Calculate 2 - (-9 + 6 + 10).
-5
Evaluate 1 + -4 + 3 - 3 - -1.
-2
Calculate -2 + (13 - 3 - 5).
3
Calculate 33 + -30 + 1 + -1 + -4.
-1
(-5 - (2 - 8)) + 6
7
What is 3 - (0 + -2) - 4 - 5?
-4
What is -4 - ((3 - -3) + -11) - -3?
4
Evaluate (23 - (-4 - -22)) + (0 - 7).
-2
What is the value of 18 + -3 + -8 - 0?
7
What is 6 + -1 + -3 + (5 - 1)?
6
What is the value of (-1 + -3 - 0 - 0) + 0?
-4
-1 - 0 - (11 + -10) - 0
-2
Calculate 11 + -21 + (0 - -2).
-8
What is 17 + -19 + 0 + -1?
-3
Evaluate 0 - -1 - (41 + -35).
-5
What is (5 - (0 + 4)) + (1 - 1)?
1
-1 + 6 - (2 + -1)
4
What is the value of 4 + (-7 + 3 - -3) - 0?
3
Evaluate -1 - (-3 - 1) - -2.
5
What is the value of 2 - (7 - 4) - -6?
5
1 + (-6 - -2) + 6
3
4 - (1 + 11 + -3)
-5
What is 4 - ((-2 - -3) + 7)?
-4
Calculate -13 + 4 + 2 + 1 + 2.
-4
What is -6 + 0 - (-5 - 1)?
0
Evaluate (-4 - (-6 - -1)) + 0.
1
Calculate 0 + 6 - (2 - -1).
3
Calculate -6 + (18 - 7) - 9.
-4
Evaluate 0 + -2 - (19 - 29).
8
Calculate (-4 - (-2 - (-4 - -6))) + -1.
-1
What is -5 + (-2 + 0 - -6)?
-1
Evaluate -2 - (0 - -13) - -9.
-6
Evaluate (45 - 42) + 2 + -7.
-2
Evaluate 19 - 18 - (0 + -1).
2
What is -3 - (-3 - 2 - 0) - -4?
6
Calculate 1 + -4 - (-8 + 3 - 1).
3
-6 + 8 - (7 + (-2 - -1))
-4
Calculate 2 + 6 + (-8 - (-10 + 5)).
5
Calculate -6 + 8 + (2 - 2) + 0.
2
What is 2 - ((3 - (2 - -1)) + -2)?
4
What is the value of (-5 - (-8 + 16 - 19)) + 0?
6
What is the value of 54 - 42 - (-1 + 10)?
3
Calculate -13 + (7 - (11 + -8)).
-9
What is 1 - 9 - (1 + 4 + -9)?
-4
10 + (9 + 2 - 21)
0
Evaluate 0 + (-7 - 1) + 4 + 0.
-4
What is -4 + (5 - -2) + -2?
1
What is the value of (7 - 3) + -1 + 3?
6
What is the value of -3 + 1 - (1 - (1 - -1))?
-1
What is (3 - 0) + 2 + -3?
2
Evaluate (-4 - -8) + (-2 - -9) + -2.
9
Evaluate -10 + 5 - (-4 + 1).
-2
Calculate (5 - -5 - 5) + -6 + 1.
0
-4 + 3 - ((0 - 5) + 7)
-3
Evaluate -7 + 15 + -18 + -1.
-11
Evaluate -2 + (10 + -6 - 3).
-1
7 + (-12 - (-3 - (0 + -3)))
-5
What is 0 + -4 + -7 + 7?
-4
Evaluate (-1 - (-4 + 14 - 5)) + -3.
-9
What is the value of 6 + -23 + 12 + 14?
9
Evaluate 12 + (-10 - (-8 - -11)).
-1
What is the value of -19 + 25 - (-2 + -1)?
9
Evaluate -47 + 39 + -1 + 18.
9
What is 3 + -4 + -5 - -7 - -5?
6
74 + -67 + 1 + -7
1
Evaluate 2 + 2 + 0 + 0 + -2.
2
What is the value of (-3 - -10) + -11 + -1?
-5
Evaluate 0 - 4 - (7 + -14).
3
Evaluate 6 + -8 - (3 + -6).
1
What is the value of -5 + 12 + 4 + -8?
3
Evaluate 26 - 22 - (4 - (0 - -1)).
1
What is -3 - -1 - ((7 - 14) + 13)?
-8
What is (0 - -3) + -7 - (-12 + 4)?
4
Evaluate 1 + (2 - 5) + 5.
3
Calculate -1 + (3 - 7) + 1 + 6.
2
Calculate 4 - (5 + -3 - 3 - -3).
2
Calculate (-143 - -147) + 0 + -8 + 1.
-3
What is (0 - (-2 + (5 - 3))) + -2?
-2
What is 1 - (1 + 4 - 2)?
-2
Evaluate -6 - (4 - (5 - -4)).
-1
What is -3 - (7 + 3 - 9)?
-4
(-11 - -2 - 0) + (21 - 22)
-10
Calculate -1 + -1 + 8 + (-31 - -29).
4
What is 0 + (3 + -11 - -4)?
-4
What is (-30 - -34) + (0 - 7) + 1?
-2
Calculate 0 - (4 + (-11 - -6)).
1
Evaluate (7 + (-5 - 1) - 7) + 15.
9
What is -10 - 10 - -4 - -7?
-9
Calculate 2 - 3 - (-3 + 4).
-2
Calculate 3 - (-4 + -2 + 10).
-1
Evaluate -4 - (1 - -1 - (3 + 2)).
-1
Calculate -4 + 7 + 3 - 4.
2
Evaluate 4 + -5 + (-3 - -3).
-1
What is -3 - -3 - ((-5 - -7) + -7)?
5
What is the value of -3 + (-9 + 8 - (-2 - -2))?
-4
-2 - (-2 - ((-2 - -6) + -2))
2
Evaluate 4 - 4 - (-1 - 3).
4
What is (2 - 9) + -9 + 5 + 5?
-6
What is the value of 0 - 5 - (7 + -2 + -12)?
2
Calculate 7 + 1 + 19 + -23.
4
12 + -10 + 3 + -7 - -2
0
Evaluate -1 + 1 + 0 + -4 + 1.
-3
What is 4 + 0 - (0 + -13 + 11)?
6
(-2 - 0) + 1 + 2
1
Calculate (-3 - 0) + 9 + -10 + 3.
-1
What is the value of (18 - 20) + (1 + 0 - 0)?
-1
Evaluate 7 - (-2 - -19) - -16.
6
What is (-4 + 2 - -1) + -5?
-6
Calculate 1 + -3 + -3 + 2 - 2.
-5
Evaluate -5 + (1 - (10 - 6)) + 9.
1
-9 + (3 - (1 - -1 - 4))
-4
-13 + 13 + 0 + -2 - -1
-1
What is the value of 8 - (4 + (-1 - (-2 + 2)))?
5
Calculate (2 - 6) + 0 + -4 + 0.
-8
What is -20 + 9 - -3 - -6?
-2
0 + -2 + (0 - 0 - -1)
-1
What is the value of 29 + -18 + (0 - 9)?
2
(0 - -2) + (4 - 2)
4
Calculate 11 - (3 + -8 + 12).
4
What is (0 - (1 + 4)) + 4?
-1
What is the value of 3 + (-2 - 2) + 0 + 2?
1
Calculate (0 + -16 - (-19 + 18)) + 7.
-8
Calculate 11 - (8 - 5) - 11.
-3
3 + -4 - -1 - (-10 + 9)
1
Evaluate (-1 - 7) + (-19 - -16) + 3.
-8
Calculate -5 - (-3 - (-12 + 9)).
-5
Evaluate 4 - ((-11 - 4) + 24).
-5
-1 + 8 + -2 + -2
3
What is -2 - (-5 - -6) - -4?
1
What is (-5 - -3) + (-6 + 7 - 8)?
-9
Calculate -9 + 1 + 4 + 0 + 0.
-4
6 - (1 + -1 - -1)
5
1 + -1 - (-2 - -7)
-5
2 - (8 + (-7 - -1))
0
0 + 2 + -5 + 8 + -1
4
Evaluate 13 - (-11 + 19) - (1 + 7).
-3
-4 + (5 - (3 + -6))
4
0 - 1 - 1 - 2
-4
What is -5 + (2 + 3 - -1)?
1
What is the value of (-1 - 1) + (-2 - (-6 + 4))?
-2
What is the value of -1 - -3 - (5 + 0 - 5)?
2
Calculate 2 - (10 + -2 + -4 - 4).
2
11 + -24 + 15 + -4
-2
What is the value of (3 - 1) + (4 - (-6 + 12))?
0
13 + (0 - 5) + -4
4
What is the value of -4 + 5 + (0 - -2) - 0?
3
What is -1 + 2 + 0 + -3?
-2
Evaluate (-1 - -5) + 2 + (-8 - -1).
-1
What is the value of (-15 - -22) + 1 + -6?
2
Evaluate (1 - (2 - -3)) + (-2 - -5).
-1
Evaluate -37 - -47 - (-2 - -7).
5
Evaluate 3 - ((3 - -1) + -3).
2
What is the value of 3 + -10 + (1 - 0)?
-6
Evaluate -1 + 7 + (-88 - -75) + 15.
8
Evaluate -2 + (6 - (-10 + 5)) + -7.
2
Calculate -4 - (-3 + 4 - 1).
-4
Evaluate 10 - (-11 + -1 - -26).
-4
Calculate 19 + -13 - (4 - 0).
2
Evaluate 8 + -13 + (-3 - (-7 + 3)).
-4
What is (7 - 1) + (-16 - -6)?
-4
What is the value of -13 + 14 + (1 - 2 - 3)?
-3
Calculate 10 - 2 - (13 - (5 + 7)).
7
What is the value of -4 + -5 + 6 + 4?
1
What is -2 - (4 - 2 - 5 - -4)?
-3
Calculate (-6 - -2) + -1 + 10.
5
What is the value of 13 + -7 - (4 - (1 + 0))?
3
(7 - (-4 - -16)) + 5
0
What is -5 - (-18 + 2 - -6)?
5
Evaluate (-22 - -28) + (-13 - -1).
-6
Evaluate -8 - ((-2 - 0) + (-4 - -2)).
-4
Evaluate 1 + 0 - (-19 - -16) - 5.
-1
Evaluate -7 + -2 + 5 - 2.
-6
(3 - -6 - 1) + -3
5
What is -5 - ((-2 - 2) + 2)?
-3
What is -1 + -3 + (0 - 1 - -7)?
2
Evaluate (4 + -11 - 0) + 5.
-2
-14 + 12 + (-1 - -5) - -3
5
